base 15) in base 8?
12210450
Convert 12026134 (base 7) to base 10.
1065775
Convert -1121221411 (base 5) to base 12.
-a18338
What is 10000000011111010010 (base 2) in base 7?
4321242
What is -3933b (base 12) in base 4?
-103012133
Convert 5004e4 (base 15) to base 11.
2164538
Convert 640155 (base 12) to base 8.
6006321
What is -56363643 (base 7) in base 3?
-100012102112100
What is -102102222020 (base 3) in base 9?
-372866
Convert -1036 (base 13) to base 3.
-10002001
-2344012013 (base 5) to base 7
-64233620
Convert -16b618 (base 16) to base 6.
-51522440
What is 102201100012 (base 3) in base 16?
384d4
What is -55523042 (base 7) in base 5?
-2211431411
What is 75a7a (base 12) in base 6?
3155034
What is dda6 (base 16) in base 4?
31312212
What is -13580312 (base 9) in base 7?
-111110141
3333672 (base 11) to base 5
2444042212
What is 3034332010 (base 5) in base 4?
113201303023
What is -76696 (base 10) in base 15?
-17ad1
307075 (base 9) to base 3
100021002112
-49478a (base 12) to base 9
-2213307
What is 42a2112 (base 11) in base 14?
100a2d2
What is -226446 (base 7) in base 11?
-28644
1a36662 (base 11) to base 14
655a50
What is -23429 (base 14) in base 8?
-247575
-3352520 (base 7) to base 13
-117656
Convert -1c492 (base 14) to base 6.
-1314304
8868b (base 14) to base 4
1100231103
What is 7656491 (base 10) in base 4?
131031100223
92364 (base 14) to base 15
6e408
229d64 (base 16) to base 15
2ec246
-2571720 (base 12) to base 2
-11100000101110111001000
-2ec72 (base 16) to base 14
-4db7c
221441 (base 11) to base 9
587503
-8b23 (base 14) to base 6
-303431
84c6a6 (base 16) to base 8
41143246
1222043344 (base 5) to base 15
3cb94e
-9eca (base 16) to base 4
-21323022
What is 2400320 (base 6) in base 13?
448b9
What is 3100424 (base 6) in base 8?
440700
Convert -2b4531 (base 12) to base 16.
-b30f5
30504 (base 16) to base 9
331410
-3477745 (base 8) to base 3
-1210021111021
-47a4c (base 13) to base 12
-64041
What is 12002013 (base 4) in base 13?
b32b
1011001010110001010110 (base 2) to base 3
12111202001102
Convert 11001100101001111001 (base 2) to base 8.
3145171
Convert -122002101010 (base 3) to base 5.
-41230332
Convert 79b339 (base 13) to base 8.
12772466
What is 4a122 (base 13) in base 3?
20221010021
-2400133 (base 6) to base 11
-85578
Convert -134737 (base 9) to base 16.
-14149
-2230100203 (base 4) to base 10
-705571
What is -1101111110011001010 (base 2) in base 3?
-212021011101
12011002002 (base 3) to base 15
20092
Convert a51033 (base 14) to base 15.
751459
What is -4111525 (base 6) in base 2?
-101111111000001101
Convert 612591 (base 10) to base 12.
256613
What is 11488 (base 12) in base 5?
1220034
-12010121021001 (base 3) to base 9
-5117231
373c3 (base 15) to base 6
3440250
-34311103 (base 5) to base 6
-10325232
Convert -ba6e6 (base 16) to base 11.
-4817a2
-123b9 (base 15) to base 8
-161560
-2979605 (base 10) to base 13
-8042a5
-82a20 (base 13) to base 10
-234598
-4b087 (base 12) to base 2
-11000111010100111
Convert 1110010110001101 (base 2) to base 6.
1132021
What is -48f08 (base 16) in base 4?
-1020330020
What is -344243330 (base 5) in base 12?
-630622
Convert -186ea (base 15) to base 8.
-232533
190366 (base 12) to base 10
435966
Convert 5023160 (base 7) to base 10.
594167
-20b649 (base 12) to base 7
-4254006
Convert 7e0b8b (base 16) to base 13.
1932b85
Convert 1405 (base 10) to base 15.
63a
2600a57 (base 12) to base 14
dc5031
What is 1261027 (base 8) in base 14?
927d5
Convert -32143002 (base 5) to base 16.
-4250b
Convert 2212211021 (base 3) to base 16.
dd9e
Convert 316614 (base 12) to base 13.
213451
What is -223031311310 (base 4) in base 11?
-6438616
-10814 (base 11) to base 2
-11110100001000
Convert -311a61 (base 12) to base 6.
-24303001
What is 3374248 (base 9) in base 6?
103004155
Convert 4141040 (base 7) to base 9.
837242
2799116 (base 12) to base 9
15804800
Convert -514875 (base 9) to base 12.
-128912
Convert 37d0d (base 15) to base 11.
112077
-1178923 (base 11) to base 10
-2046861
Convert -1042231 (base 5) to base 15.
-56e6
-133120033 (base 4) to base 6
-2431011
Convert 154c619 (base 13) to base 9.
13752022
-1000110110110100010 (base 2) to base 9
-482075
What is 10312515 (base 6) in base 12?
12873b
Convert -768276 (base 11) to base 9.
-2267887
Convert -2041303122 (base 5) to base 10.
-4244162
Convert 2055015 (base 6) to base 10.
100883
Convert 472153 (base 10) to base 5.
110102103
-95075 (base 11) to base 15
-2b08b
-1b608 (base 16) to base 7
-644633
What is 1a13d (base 16) in base 2?
11010000100111101
What is 2315233 (base 7) in base 2?
1000110110010100101
What is -9048bb (base 12) in base 13?
-6090c8
1a4405 (base 11) to base 12
131362
What is c4c2cc (base 13) in base 8?
21421626
Convert 579037 (base 12) to base 13.
3a260a
-1009cb0 (base 13) to base 16
-49fc71
Convert -1205076 (base 14) to base 4.
-200320100000
e5929 (base 16) to base 13
26c010
What is 201011330 (base 4) in base 11?
92926
Convert 411569 (base 11) to base 8.
2412570
What is 22403506 (base 7) in base 9?
3603107
310112311110 (base 4) to base 7
224442420
217d0 (base 14) to base 13
2ac0a
-8a8b (base 16) to base 4
-20222023
Convert 1230212031 (base 4) to base 10.
444813
5437 (base 12) to base 3
110200221
-38abd (base 16) to base 13
-8186a
-81a83 (base 11) to base 12
-59380
Convert -324566 (base 12) to base 14.
-169d82
15a40 (base 16) to base 9
144528
What is -411839 (base 11) in base 14?
-132d58
What is -142421222 (base 5) in base 10?
-748312
What is -8653 (base 16) in base 6?
-423111
Convert 2111220 (base 5) to base 10.
35185
Convert 1101111001111010100101 (base 2) to base 15.
4c0063
What is 1132302330 (base 4) in base 14?
a1708
Convert 3492820 (base 12) to base 2.
100110101100101100011000
What is -696 (base 14) in base 8?
-2434
Convert -21401355 (base 6) to base 16.
-9bc27
What is -3410240 (base 5) in base 10?
-60070
398975c (base 13) to base 16
113c021
41234343 (base 6) to base 11
740765
What is -111011011010100100100 (base 2) in base 5?
-444300131
Convert 170d82 (base 14) to base 12.
33049a
What is 15340141 (base 6) in base 14?
101633
What is 3140024404 (base 5) in base 15?
899ed9
132100302 (base 5) to base 14
13247a
Convert -580899 (base 11) to base 9.
-1656665
What is -2124250 (base 7) in base 4?
-333011230
What is -2739d6 (base 14) in base 4?
-11022233320
Convert -100111020100220 (base 3) to base 4.
-103033110201
What is 101635451 (base 7) in base 2?
10110110110111111111010
Convert 3213323011 (base 5) to base 6.
401125143
-aadaa (base 16) to base 13
-1b66c2
8757302 (base 10) to base 4
201122000312
-41123400 (base 5) to base 15
-689d5
Convert -34545532 (base 6) to base 10.
-1071776
What is -10111001001010000010 (base 2) in base 4?
-2321022002
Convert -11423411 (base 5) to base 10.
-107981
-1100011011111110010 (base 2) to base 13
-113661
Convert 102424 (base 5) to base 4.
312201
What is -36ac7 (base 13) in base 12?
-4a352
61941a6 (base 11) to base 14
16465b5
Convert 4c450 (base 15) to base 5.
30301400
3716521 (base 8) to base 5
230221223
What is 345743 (base 8) in base 16?
1cbe3
-143441420 (base 5) to base 7
-6335002
Convert 1012120001102 (base 3) to base 5.
131001304
Convert 10512066 (base 8) to base 5.
1040004131
Convert -1121320 (base 7) to base 15.
-2b627
What is -11110110111101010011 (base 2) in base 4?
-3312331103
Convert 370171 (base 10) to base 6.
11533431
Convert -204032021 (base 5) to base 2.
-11001110100000111110
What is 622989 (base 13) in base 2?
1000101111010011011100
3481 (base 10) to base 8
6631
100202211212021 (base 3) to base 8
23637117
-40223313 (base 5) to base 10
-320458
Convert 790034 (base 10) to base 8.
3007022
-54150 (base 10) to base 7
-313605
aa685 (base 12) to base 16
37145
Convert -1111010100111101011 (base 2) to base 15.
-9dc36
-560412 (base 7) to base 15
-1e366
What is -66666a8 (base 11) in base 9?
-24000787
-5426633 (base 8) to base 15
-1da9cc
-b5732 (base 12) to base 9
-402152
What is 4450111 (base 7) in base 16?
863fe
Convert -1060355 (base 7) to base 6.
-2500122
Convert 12021120200010 (base 3) to base 13.
7734c9
What is 10001111000111010010010 (base 2) in base 12?
16a1a42
What is -101011100111011100 (base 2) in base 16?
-2b9dc
-1143010 (base 5) to base 2
-101010001111110
10445265 (base 8) to base 4
20210222311
What is -1200002032 (base 4) in base 1